{"id":278,"date":"2014-04-15T10:06:04","date_gmt":"2014-04-15T08:06:04","guid":{"rendered":"http:\/\/www.klimakuehn.de\/?page_id=278"},"modified":"2014-04-15T10:06:04","modified_gmt":"2014-04-15T08:06:04","slug":"elektrotechnik","status":"publish","type":"page","link":"https:\/\/www.klimakuehn.de\/?page_id=278","title":{"rendered":"Elektrotechnik"},"content":{"rendered":"<h2>Elektrotechnik<\/h2>\n<p><img loading=\"lazy\" class=\"alignright\" alt=\"elektro\" src=\"http:\/\/www.klimakuehn.de\/\/wp-content\/uploads\/2013\/10\/elektro.gif\" width=\"150\" height=\"98\" \/>Nat\u00fcrlich \u00fcbernimmt K\u00fchn &amp; Schwarzer auch Arbeiten im Bereich der Elektrotechnik. Dazu z\u00e4hlen nicht nur Arbeiten im Zusammenhang mit Klimager\u00e4ten oder W\u00e4rmepumpen, sondern auch:<\/p>\n<ul>\n<li>\u00dcberpr\u00fcfung elektrischer Anlagen<\/li>\n<li>Installationsarbeiten jeglicher Art, Privat oder Gewerbe<\/li>\n<\/ul>\n<p>F\u00fcr weitere Leistungen kontaktieren Sie bitte unsere Servicemitarbeiter, Sie werden Ihnen gern Auskunft \u00fcber unser Leistungsangebot geben.<\/p>\n","protected":false},"excerpt":{"rendered":"<p>Elektrotechnik Nat\u00fcrlich \u00fcbernimmt K\u00fchn &amp; Schwarzer auch Arbeiten im Bereich&#8230;<\/p>\n","protected":false},"author":5,"featured_media":0,"parent":17,"menu_order":2,"comment_status":"open","ping_status":"open","template":"","meta":[],"aioseo_notices":[],"_links":{"self":[{"href":"https:\/\/www.klimakuehn.de\/index.php?rest_route=\/wp\/v2\/pages\/278"}],"collection":[{"href":"https:\/\/www.klimakuehn.de\/index.php?rest_route=\/wp\/v2\/pages"}],"about":[{"href":"https:\/\/www.klimakuehn.de\/index.php?rest_route=\/wp\/v2\/types\/page"}],"author":[{"embeddable":true,"href":"https:\/\/www.klimakuehn.de\/index.php?rest_route=\/wp\/v2\/users\/5"}],"replies":[{"embeddable":true,"href":"https:\/\/www.klimakuehn.de\/index.php?rest_route=%2Fwp%2Fv2%2Fcomments&post=278"}],"version-history":[{"count":1,"href":"https:\/\/www.klimakuehn.de\/index.php?rest_route=\/wp\/v2\/pages\/278\/revisions"}],"predecessor-version":[{"id":279,"href":"https:\/\/www.klimakuehn.de\/index.php?rest_route=\/wp\/v2\/pages\/278\/revisions\/279"}],"up":[{"embeddable":true,"href":"https:\/\/www.klimakuehn.de\/index.php?rest_route=\/wp\/v2\/pages\/17"}],"wp:attachment":[{"href":"https:\/\/www.klimakuehn.de\/index.php?rest_route=%2Fwp%2Fv2%2Fmedia&parent=278"}],"curies":[{"name":"wp","href":"https:\/\/api.w.org\/{rel}","templated":true}]}}

<h2>Elektrotechnik</h2>
<p><img loading="lazy" class="alignright" alt="elektro" src="http://www.klimakuehn.de//wp-content/uploads/2013/10/elektro.gif" width="150" height="98" />Natürlich übernimmt Kühn &amp; Schwarzer auch Arbeiten im Bereich der Elektrotechnik. Dazu zählen nicht nur Arbeiten im Zusammenhang mit Klimageräten oder Wärmepumpen, sondern auch:</p>
<ul>
<li>Überprüfung elektrischer Anlagen</li>
<li>Installationsarbeiten jeglicher Art, Privat oder Gewerbe</li>
</ul>
<p>Für weitere Leistungen kontaktieren Sie bitte unsere Servicemitarbeiter, Sie werden Ihnen gern Auskunft über unser Leistungsangebot geben.</p>

<p>Elektrotechnik Natürlich übernimmt Kühn &amp; Schwarzer auch Arbeiten im Bereich&#8230;</p>
